e 8708264?
False
Does 116 divide 12911171?
False
Does 14 divide 505302?
True
Is 1085 a factor of 9298402?
False
Does 49 divide 798945?
True
Is 76386 a multiple of 16?
False
Is 117474 a multiple of 22?
False
Does 10 divide 496550?
True
Is 99 a factor of 1071779?
False
Is 233117 a multiple of 7?
False
Is 60818 a multiple of 7?
False
Does 332 divide 1954484?
True
Is 22086 a multiple of 3?
True
Is 763938 a multiple of 282?
True
Is 43659 a multiple of 9?
True
Is 39 a factor of 1134152?
False
Is 43 a factor of 230910?
True
Is 798710 a multiple of 274?
True
Is 80 a factor of 3663840?
True
Is 23 a factor of 5888?
True
Is 90 a factor of 1346713?
False
Is 53316 a multiple of 124?
False
Is 5921415 a multiple of 15?
True
Is 185100 a multiple of 14?
False
Is 14783336 a multiple of 9?
False
Is 35093 a multiple of 148?
False
Does 2552 divide 31001854?
False
Is 78870 a multiple of 165?
True
Is 11196 a multiple of 9?
True
Is 1411080 a multiple of 24?
True
Is 151 a factor of 22573967?
False
Is 2820622 a multiple of 14?
True
Is 147238 a multiple of 111?
False
Does 460 divide 1781771?
False
Is 206 a factor of 1926100?
True
Is 17 a factor of 509303?
True
Is 465 a factor of 1365240?
True
Is 53914 a multiple of 10?
False
Is 23 a factor of 4370740?
False
Is 14 a factor of 2431327?
False
Is 963 a factor of 9478671?
False
Is 219 a factor of 304191?
True
Does 18 divide 26010?
True
Is 1387 a factor of 12069014?
False
Is 980099 a multiple of 43?
True
Is 6550800 a multiple of 265?
True
Is 11 a factor of 10311245?
False
Does 20 divide 14753740?
True
Does 76 divide 1811415?
False
Does 29 divide 560710?
False
Is 92464 a multiple of 71?
False
Is 363 a factor of 1626957?
False
Is 125233 a multiple of 53?
False
Does 718 divide 481060?
True
Is 73696 a multiple of 14?
True
Is 229860 a multiple of 60?
True
Does 10 divide 52630?
True
Is 611661 a multiple of 31?
True
Is 108867 a multiple of 50?
False
Is 95137 a multiple of 30?
False
Is 106 a factor of 1442448?
True
Is 22 a factor of 86592?
True
Is 162733 a multiple of 9?
False
Is 1911510 a multiple of 266?
False
Is 4181735 even?
False
Does 73 divide 1002728?
True
Does 81 divide 1510083?
True
Does 240 divide 426480?
True
Is 73236 a multiple of 12?
True
Does 55 divide 334675?
True
Is 156 a factor of 1719944?
False
Is 56631 a multiple of 238?
False
Is 57 a factor of 28502?
False
Is 16 a factor of 256317?
False
Does 133 divide 332095?
False
Is 1236640 a multiple of 8?
True
Does 82 divide 25256?
True
Is 6 a factor of 5419089?
False
Does 98 divide 594468?
True
Is 532241 a multiple of 35?
False
Is 8 a factor of 52979?
False
Does 48 divide 247968?
True
Is 29 a factor of 83703?
False
Does 2 divide 529876?
True
Is 983100 a multiple of 58?
True
Does 7 divide 104636?
True
Is 3738140 a multiple of 70?
True
Is 181994 a multiple of 51?
False
Is 1247886 a multiple of 5?
False
Is 22 a factor of 147290?
True
Is 781 a factor of 790372?
True
Is 49 a factor of 29083?
False
Does 15 divide 8204535?
True
Does 90 divide 347088?
False
Is 32 a factor of 272064?
True
Is 58 a factor of 64188?
False
Does 31 divide 5762466?
True
Is 193500 a multiple of 12?
True
Is 11 a factor of 24134?
True
Is 7094160 a multiple of 20?
True
Is 67 a factor of 491177?
True
Is 12 a factor of 435960?
True
Is 2 a factor of 139848?
True
Is 5190861 a multiple of 389?
False
Is 17054415 a multiple of 350?
False
Is 70 a factor of 7714560?
True
Is 249 a factor of 390681?
True
Is 429336 a multiple of 534?
True
Does 117 divide 59378?
False
Does 874 divide 14762896?
False
Is 17 a factor of 137552?
False
Does 571 divide 489918?
True
Is 33956 a multiple of 95?
False
Is 46 a factor of 22515?
False
Is 36 a factor of 4635216?
True
Is 3496642 a multiple of 122?
True
Is 108505 a multiple of 21?
False
Does 12 divide 150663?
False
Does 585 divide 4716855?
True
Does 4 divide 1808141?
False
Is 6 a factor of 7189404?
True
Does 20 divide 14643644?
False
Is 324852 a multiple of 12?
True
Does 23 divide 1197449?
True
Is 5 a factor of 7550390?
True
Is 60 a factor of 7835760?
True
Is 68 a factor of 249356?
True
Is 2827689 a multiple of 197?
False
Is 3 a factor of 9785?
False
Does 1304 divide 9008032?
True
Does 32 divide 382590?
False
Does 22 divide 287105?
False
Is 418 a factor of 793364?
True
Is 16378776 a multiple of 36?
True
Does 945 divide 5374209?
False
Is 4268 a multiple of 7?
False
Does 54 divide 2482434?
True
Does 21 divide 948360?
True
Is 340536 a multiple of 84?
True
Does 21 divide 11618901?
True
Does 47 divide 573024?
True
Is 1280306 a multiple of 6?
False
Is 7 a factor of 160885?
False
Does 31 divide 1120658?
False
Is 10 a factor of 186910?
True
Is 747801 a multiple of 9?
True
Is 18000 a multiple of 49?
False
Is 2 a factor of 1005139?
False
Does 6 divide 66035?
False
Is 8201 a multiple of 327?
False
Is 115581 a multiple of 3?
True
Is 1616602 a multiple of 54?
False
Does 99 divide 155331?
True
Does 8 divide 100416?
True
Is 333 a factor of 2964750?
False
Is 49923 a multiple of 9?
True
Is 18 a factor of 4886287?
False
Is 362 a factor of 29159089?
False
Is 2107449 a multiple of 12?
False
Is 1681404 a multiple of 15?
False
Does 967 divide 11952508?
False
Does 74 divide 161320?
True
Is 13 a factor of 145214?
False
Is 18 a factor of 20016?
True
Is 2107870 a multiple of 5?
True
Is 494153 a multiple of 326?
False
Is 911 a factor of 8025910?
True
Is 557844 a multiple of 42?
True
Is 491 a factor of 64812?
True
Is 1253195 a multiple of 6?
False
Does 15 divide 387605?
False
Does 512 divide 20975616?
True
Is 1087087 a multiple of 565?
False
Does 9 divide 265543?
False
Is 25 a factor of 1208475?
True
Does 15 divide 3360?
True
Is 435210 a multiple of 106?
False
Does 16 divide 137117?
False
Is 550882 a multiple of 6?
False
Is 37 a factor of 27972?
True
Is 106 a factor of 481346?
True
Does 291 divide 2674581?
True
Is 232 a factor of 15312?
True
Does 50 divide 1873936?
False
Is 3403123 a multiple of 107?
False
Is 114802 a multiple of 62?
False
Is 139743 a multiple of 22?
False
Does 18 divide 1214604?
True
Is 2118 a factor of 8605434?
True
Is 157140 a multiple of 162?
True
Is 4 a factor of 106879?
False
Does 13 divide 231283?
True
Is 34 a factor of 230554?
True
Is 166104 a multiple of 36?
True
Is 532617 a multiple of 121?
False
Is 8 a factor of 131544?
True
Does 208 divide 2282631?
False
Does 91 divide 8693544?
False
Is 282 a factor of 80345?
False
Does 134 divide 451344?
False
Is 109 a factor of 48918?
False
Is 995807 a multiple of 19?
False
Is 6889035 a multiple of 10?
False
Does 105 divide 564795?
True
Is 20501 a multiple of 19?
True
Is 403 a factor of 341825?
False
Does 26 divide 1511132?
False
Is 12156784 a multiple of 422?
False
Is 13 a factor of 677630?
False
Is 77552 a multiple of 9?
False
Is 101123 a multiple of 319?
True
Is 3297888 a multiple of 264?
True
Is 30 a factor of 435545?
False
Is 10 a factor of 367310?
True
Is 646226 a multiple of 43?
False
Does 159 divide 297942?
False
Does 12 divide 11320?
False
Does 150 divide 4407746?
False
Is 553 a factor of 2229602?
False
Is 705745 a multiple of 38?
False
Is 189 a factor of 969112?
False
Does 29 divide 131449?
False
Does 16 divide 33729?
False
Is 12808498 a multiple of 399?
False
Is 45 a factor of 81495?
True
Is 13 a factor of 3886038?
True
Does 202 divide 634280?
True
Is 1222728 a multiple of 171?
False
Is 1607774 a multiple of 277?
False
Is 12195242 a multiple of 27?
False
Is 555180 a multiple of 570?
True
Is 12426 a multiple of 11?
False
Is 2033458 a multiple of 33?
False
Is 33156305 a multiple of 65?
True
Does 19 divide 102201?
True
Is 438960 a multiple of 118?
True
Is 81 a factor of 8161964?
False
Is 1610976 a multiple of 96?
True
Does 199 divide 121710?
False
Is 2235 a factor of 4559400?
True
Does 16 divide 95728?
True
Does 12 divide 147069?
False
Is 191000 a multiple of 250?
True
Is 1456895 a multiple of 55?
True
Does 60 divide 22140?
True
Does 14 divide 339784?
False
Is 185500 a multiple of 28?
True
Is 5338667 a multiple of 7?
False
Is 36 a factor of 605555?
False
Is 14 a factor of 8583600?
False
Is 1022134 a multiple of 182?
False
Does 5 divide 173305?
True
Is 64 a factor of 8445632?
True
Is 291 a factor of 74787?
True
Is 32 a factor of 14435?
False
Does 44 divide 3540108?
True
Is 1116066 a multiple of 21?
True
Does 9 divide 1376271?
True
Does 101